hat is the greatest common factor of 3418 and 125382494?
3418
Calculate the greatest common factor of 225 and 752275.
25
What is the greatest common divisor of 5226 and 114351714?
402
Calculate the highest common divisor of 169 and 7015502.
13
What is the greatest common divisor of 1932391 and 92?
23
What is the greatest common divisor of 306218 and 171864?
682
Calculate the greatest common divisor of 2478 and 72078.
6
What is the greatest common factor of 261 and 39389453?
29
What is the greatest common divisor of 45238482 and 18?
18
What is the greatest common divisor of 654 and 2093018?
218
What is the greatest common factor of 1831499 and 17617?
223
Calculate the greatest common factor of 1275 and 457700.
25
What is the greatest common factor of 421935 and 1126383?
3669
What is the highest common factor of 351 and 474626217?
39
What is the highest common divisor of 349704 and 216?
216
What is the greatest common divisor of 1641057 and 16038?
33
Calculate the highest common factor of 35848601 and 7.
1
What is the greatest common divisor of 39272722 and 62?
62
What is the greatest common factor of 32212 and 7222?
2
What is the greatest common factor of 38484 and 93924?
36
What is the highest common factor of 25674078 and 666?
222
What is the highest common factor of 10916222 and 1178?
38
Calculate the highest common divisor of 34328820 and 22610.
190
What is the highest common divisor of 530614 and 1359?
151
What is the greatest common factor of 1620 and 1390976145?
405
What is the greatest common factor of 334239463 and 37?
37
Calculate the greatest common divisor of 23779980 and 81.
81
What is the highest common factor of 289 and 18237872?
17
Calculate the greatest common factor of 795149946 and 108.
54
What is the greatest common divisor of 1016144 and 176?
16
What is the greatest common divisor of 7250950 and 350?
350
Calculate the highest common divisor of 61896 and 1977.
3
What is the highest common factor of 21657150 and 1?
1
What is the highest common factor of 3720 and 2995640?
40
Calculate the highest common factor of 4 and 107293720.
4
Calculate the highest common factor of 1701715 and 14770.
1055
What is the highest common divisor of 504441 and 16518033?
3213
What is the greatest common divisor of 6843701 and 2060966?
4621
What is the greatest common divisor of 63237805 and 25?
5
What is the highest common divisor of 660478 and 336542?
382
What is the greatest common factor of 1399800 and 1500?
300
Calculate the greatest common factor of 896 and 3017616.
112
Calculate the greatest common divisor of 680 and 465639656.
136
What is the highest common divisor of 90480 and 1545990?
870
What is the highest common divisor of 2358972 and 819?
63
What is the greatest common divisor of 16296 and 11039861?
679
What is the highest common divisor of 3357 and 1701?
9
Calculate the highest common factor of 234 and 77558715.
117
Calculate the greatest common divisor of 2524 and 164863894.
1262
Calculate the highest common factor of 629234603 and 53.
53
Calculate the highest common factor of 4288 and 2741238.
134
What is the greatest common factor of 3660655 and 177?
59
Calculate the greatest common divisor of 780 and 463614.
6
What is the greatest common divisor of 25714 and 421314?
1978
Calculate the greatest common divisor of 2118728 and 2173.
53
What is the greatest common factor of 1069684 and 11592?
644
Calculate the greatest common divisor of 440 and 36250808.
88
Calculate the greatest common factor of 1569 and 857968425.
1569
What is the greatest common divisor of 8760120 and 3?
3
What is the greatest common divisor of 16767 and 49784949?
1863
Calculate the greatest common factor of 328 and 436730688.
328
What is the highest common factor of 226495430 and 50?
10
Calculate the highest common factor of 1140326 and 1137334.
374
Calculate the greatest common factor of 9 and 13476431.
1
Calculate the highest common divisor of 5115884 and 72.
4
Calculate the greatest common factor of 84676722 and 26871.
2067
What is the greatest common factor of 1060 and 6136870?
530
Calculate the highest common factor of 84 and 50241282.
42
Calculate the highest common divisor of 1689643 and 3104.
97
What is the greatest common factor of 21112494 and 376?
94
What is the greatest common factor of 7060134 and 2052?
114
What is the greatest common factor of 21123676 and 28?
28
Calculate the highest common factor of 105 and 18239739.
21
Calculate the highest common divisor of 1 and 2444187.
1
What is the greatest common factor of 726 and 194046?
6
Calculate the highest common factor of 536633130 and 110.
110
Calculate the greatest common factor of 505425178 and 1966.
1966
Calculate the highest common factor of 54 and 42660936.
18
What is the highest common divisor of 10921438 and 1628?
814
What is the highest common factor of 12028 and 183815?
97
Calculate the highest common factor of 23517149 and 656.
41
Calculate the greatest common factor of 19825 and 15641681.
61
What is the greatest common divisor of 73654564 and 8?
4
What is the greatest common factor of 2934 and 13802514?
978
What is the highest common divisor of 1674277 and 54439?
1111
What is the greatest common factor of 1240314250 and 1750?
1750
Calculate the greatest common divisor of 11669752 and 8024.
136
What is the highest common factor of 790554 and 72?
6
Calculate the highest common factor of 1054 and 3562146.
34
What is the highest common divisor of 414 and 187190054?
46
Calculate the highest common factor of 63 and 1064828541.
21
What is the highest common divisor of 673407 and 682569?
4581
What is the greatest common factor of 15 and 3283435?
5
What is the highest common factor of 27318530 and 100?
10
What is the highest common factor of 56148 and 21?
3
What is the highest common divisor of 23340 and 6225?
15
Calculate the highest common factor of 2735 and 81819713.
547
Calculate the highest common factor of 327952 and 545488.
1648
What is the highest common divisor of 439 and 13661241?
439
Calculate the highest common divisor of 10 and 1522574890.
10
Calculate the highest common divisor of 22942656 and 1136.
1136
Calculate the greatest common divisor of 17511 and 6545073.
1347
What is the highest common divisor of 210 and 2710650?
30
Calculate the greatest common factor of 22778 and 79090097.
1627
Calculate the greatest common factor of 18220320 and 72000.
1440
Calculate the highest common divisor of 47140 and 1780.
20
What is the highest common divisor of 65365839 and 189?
189
Calculate the greatest common factor of 17178 and 79800.
42
Calculate the highest common divisor of 23664347 and 9492.
791
What is the highest common factor of 238538 and 246?
82
Calculate the highest common divisor of 38 and 318350.
2
Calculate the highest common factor of 2722178 and 1.
1
What is the highest common divisor of 227025 and 14225?
25
Calculate the greatest common factor of 3775 and 8180.
5
Calculate the greatest common factor of 851214385 and 994.
497
Calculate the greatest common factor of 24612 and 14904617.
2051
Calculate the highest common factor of 1427679 and 38247.
627
What is the greatest common divisor of 164538835 and 85?
85
What is the greatest common divisor of 94 and 45422022?
94
Calculate the greatest common factor of 6303708 and 2916.
36
Calculate the highest common factor of 48449920 and 5760.
640
What is the greatest common divisor of 4874490 and 615?
615
Calculate the greatest common divisor of 632625 and 3360.
105
Calculate the highest common divisor of 306234 and 4558.
106
Calculate the greatest common divisor of 87718637 and 137502.
7639
Calculate the highest common divisor of 89550 and 11025.
225
Calculate the highest common factor of 131929 and 30312793.
2807
What is the highest common divisor of 73124 and 325076?
724
Calculate the greatest common factor of 703020 and 948.
12
What is the greatest common factor of 20 and 51679795?
5
Calculate the greatest common divisor of 24575094 and 1197.
171
What is the greatest common factor of 1610 and 149856224?
322
What is the highest common factor of 390630 and 1710?
30
What is the greatest common factor of 246 and 433668234?
246
What is the greatest common factor of 68 and 336883781?
17
What is the greatest common divisor of 17125342 